and g.
10
Suppose -3*j = -4*k - 16 + 173, 115 = 3*k - 5*j. What is the highest common factor of 5 and k?
5
Suppose -3*q = 2*q + 5*h - 255, h = -4. Suppose 0 = -n + 5, 4*w = 2*w - 5*n + 35. Calculate the greatest common factor of q and w.
5
Suppose 4*g - 218 = 214. Let o(l) = l**2 + l - 16. Let c be o(7). Let z = c - 28. What is the greatest common divisor of g and z?
12
Let q be (2 - 1)/(3/6). What is the greatest common divisor of q and 2?
2
Let b(t) = -t**3 + 6*t**2 - 7*t + 6. Let v be (-2)/9 - (-38)/9. Let i be b(v). Let s be (-2)/i + 33/15. What is the highest common divisor of 10 and s?
2
Let v = 32 + -22. Calculate the highest common divisor of v and 10.
10
Let x = 13 - -5. Let o be -2 - x*(-2)/2. Suppose -2*d + 18 = 2. Calculate the highest common factor of o and d.
8
Let n = -66 + 501. What is the highest common factor of 15 and n?
15
Let a = 41 - 33. What is the highest common factor of 32 and a?
8
Suppose i - 8 = -3*h, -5*h = -i + 6 - 22. Let y be (h/(-4))/(1/(-12)). Let g be (-1 - -2) + -1 + y. Calculate the highest common divisor of 45 and g.
9
Let h be (-12)/16*(-3 + -3*3). Let d(n) = n**2 - 7*n + 4. Let k be d(6). Let q be (6/9)/(k/(-18)). What is the greatest common divisor of q and h?
3
Let k(l) = -2*l**2 - 29*l - 2. Let z be k(-14). Calculate the greatest common factor of 24 and z.
12
Let k = -18 + 32. Suppose 2*g + k = 3*g. What is the greatest common divisor of 56 and g?
14
Let j = 1 - -34. Let g(u) = -u**2 + 2*u + 4. Let w be g(4). Let v be w/22 - 171/(-33). Calculate the highest common factor of j and v.
5
Suppose 0 = -8*b + 3*b + 120. Calculate the highest common divisor of b and 6.
6
Suppose 487 = 5*g - a, 199 = 2*g - 0*g + a. Suppose -3*u + 8 = -34. What is the highest common factor of g and u?
14
Let g(m) = -m**2 - 8*m + 2. Let u be -4 + (-2 + 1)*0. Let a be g(u). Let s be (-84)/(-8) + -4 + 2/(-4). What is the highest common factor of a and s?
6
Let v be 11/(-2 + (-1 - -2)). Let f = v - -31. Suppose 4*p + 5*g - 40 = 0, -2*p - 2 = -5*g + 8. What is the greatest common divisor of f and p?
5
Suppose -5*x + 7*x - c - 23 = 0, c - 37 = -4*x. Calculate the greatest common factor of x and 20.
10
Let z be (-18)/12*(-10)/3. Suppose 30 = -0*n + z*n. Calculate the highest common factor of 6 and n.
6
Let w be 3/(4 - 11/3). Let i(m) = m**2 + 4*m - 3. Let d be i(2). What is the greatest common divisor of w and d?
9
Let p = -19 - -32. Let u = 14 + 25. Suppose u = -0*m + 3*m. Calculate the highest common factor of p and m.
13
Let q(s) = 3*s - 1. Let u be q(6). What is the highest common factor of 34 and u?
17
Let s be (114/(-5))/(7/35). Let n = s + 261. Calculate the greatest common factor of 21 and n.
21
Let f(n) be the second derivative of 11*n**3/6 - 3*n**2/2 + 2*n. Let k be f(3). Calculate the greatest common factor of 120 and k.
30
Let u(f) = f**3. Let b be u(0). Suppose -2*t - 5*d + 2*d + 38 = 0, -5*t - d + 69 = b. What is the highest common divisor of t and 117?
13
Let b = -125 - -229. What is the greatest common factor of b and 13?
13
Suppose 0 = 3*f - 2*c + 6, 6*f - 6 = 2*f - 2*c. Suppose -5*z + f*z + 70 = 0. What is the greatest common factor of 154 and z?
14
Suppose m + m = -4. Let d be (-274)/m*1 - 2. Suppose d = 4*w - 3*c, 4*w - 78 = 2*c + 52. Calculate the highest common divisor of 12 and w.
6
Let o(c) = c**2 + 4*c + 1. Let n = -13 - -9. Let j be o(n). What is the greatest common divisor of j and 2?
1
Let h be (-60)/(-18)*1*12. Let k(f) = 6*f - 1. Let p be 2/2*(-1 + 2). Let v be k(p). Calculate the highest common factor of v and h.
5
Let t(l) = -2*l - 6. Let f be t(-4). What is the highest common factor of f and 4?
2
Suppose 1 + 3 = o. Suppose -o*g + 4 = 12. Let r = 6 + g. Calculate the highest common factor of 16 and r.
4
Let d be 1/1*-7*1. Let l = 2 - d. Let p be (-962)/(-13) + (-1 - 1). What is the greatest common factor of l and p?
9
Let q(n) = -5 - 3*n + 4*n + 18 - 2*n. Let y(s) = -s**2 - 5*s + 6. Let x be y(-6). Let d be q(x). Calculate the greatest common divisor of 13 and d.
13
Let z be (-2)/1 + -1 + -5. Let k be (30/z)/((-12)/32). Let a = 252 - 162. Calculate the highest common divisor of k and a.
10
Let a = -5 - -9. Suppose -3*s = -a*z - 90, s - 3*z - 59 = -s. Suppose 0 = 5*o - 2*y - 44, 4*o - 5*y - s = o. Calculate the highest common divisor of 72 and o.
8
Let c = -228 + 242. Let r(u) = 28*u**2. Let t be r(-1). What is the highest common divisor of c and t?
14
Suppose -9 = -b + 5. Let f(q) = 9*q**2 - 2*q + 2. Let c be f(-4). Calculate the greatest common divisor of b and c.
14
Let i be 9/3 - -8*9. Let q = -10 + 25. Calculate the highest common divisor of q and i.
15
Let w be 0*4/(32/4). Let j = w - -22. What is the greatest common factor of j and 22?
22
Let q be 49 - (0 + 0) - -1. Suppose 3*u + 5*w = 45, 1 + 4 = -u + 5*w. What is the highest common divisor of q and u?
10
Suppose 3*q - 4*c - 41 = -0*q, -q - 3*c - 8 = 0. Suppose y + 4*o - 86 = 0, y - 42 = -o + 32. Calculate the highest common divisor of q and y.
7
Let t(x) = x**3 + 10*x**2 + 8. Let s be t(-10). Calculate the greatest common factor of s and 32.
8
Suppose 2*r - 324 = -2*r. Suppose -4*u = -5*w - 8*u - 63, -4*w - 63 = -u. Let c = w - -24. Calculate the highest common divisor of r and c.
9
Let z(i) = -i**3 - 8*i**2 - 10*i - 8. Let g be z(-7). Let a = g + -2. Let v(w) = 25*w - 4. Let u be v(5). What is the greatest common divisor of a and u?
11
Let i(j) = 4*j - 36. Let x be i(15). What is the greatest common factor of x and 216?
24
Suppose -i - 2*m + 7*m = -5, -4*i + 3*m + 20 = 0. Calculate the greatest common factor of i and 1.
1
Let y(k) = 5*k - 5. Suppose -2*f - 2*f = -5*r - 34, r + 5*f + 1 = 0. Let b be y(r). Let g be (56/b)/(4/(-50)). Calculate the greatest common factor of 60 and g.
20
Let m = -78 + 127. Let f be m - (-1 + 3) - -1. Suppose -3*g = -5*u + 63, 2*g - 19 = -2*u - 3*g. What is the highest common factor of f and u?
12
Suppose -p + 62 = 3*v, 2*v + 5*p = -2*v + 90. Calculate the highest common factor of v and 100.
20
Let b be -3 + 4 - 1 - -1. Calculate the greatest common divisor of b and 1.
1
Suppose -4*s + 6 = 22. Let p be s/(-7)*112/32. Calculate the highest common divisor of p and 22.
2
Suppose -g + 68 = -4*i, 2*g - 5*g + 76 = -4*i. Let u = 24 + i. Let a = u - -22. Calculate the greatest common factor of 15 and a.
15
Suppose 1 - 9 = -2*i. Suppose -15 = -i*y + 33. What is the greatest common divisor of y and 84?
12
Suppose -3*n - 12 = 3, -5*c - 5*n = -90. What is the greatest common factor of 253 and c?
23
Suppose 0 = -2*a + r + 46, -a + 26 = a + 4*r. Calculate the greatest common factor of a and 14.
7
Suppose -4*l - 271 = -3*j - 89, l = -4*j + 211. Let a be 34*(-3)/(-6) - -1. Calculate the highest common divisor of a and j.
18
Let f be (-2)/6*-3 - (-175 - 0). Calculate the greatest common factor of f and 11.
11
Let p(s) = 10*s**3 + 4 - s**2 + 7*s**3 - 5*s - 13*s**3. Let l be p(3). Calculate the highest common divisor of l and 11.
11
Suppose 2*q - 5*g = -0*q + 7, -3*q = 5*g - 23. Suppose 4*a = 22 - q. Suppose 17 - 53 = -a*s. Calculate the greatest common factor of s and 63.
9
Let g(h) = 3*h**2 - h - 3. Let i be g(6). What is the highest common divisor of i and 11?
11
Let t(d) = d**3 + d**2 - 2*d + 2. Let x be t(3). Let z be (0 + -4)*(-250)/40. Let g = -9 + z. What is the greatest common factor of g and x?
16
Let u = -1 + 1. Suppose u = -2*j - t - 1, -5*t + 0*t - 17 = -2*j. What is the highest common divisor of j and 11?
1
Suppose 0 = -18*c + 429 + 705. Calculate the highest common factor of c and 84.
21
Let c be (0 + 26)/(12/24). What is the greatest common factor of 13 and c?
13
Suppose 0 = -a - 2*a + 96. Calculate the highest common factor of a and 80.
16
Suppose -5*n - 2 = -2*l + 7, 4*l = -4*n + 4. Calculate the highest common divisor of l and 22.
2
Let t(n) = -n**3 + 8*n**2 - 5*n - 4. Let i be t(7). What is the highest common divisor of i and 4?
2
Let s = 63 - 23. Suppose 2*h - 1 - 3 = 0. Let b = 3 + h. What is the greatest common divisor of s and b?
5
Suppose -5*s = 5*d - 44 + 9, 4 = -2*d. Calculate the highest common divisor of 99 and s.
9
Suppose 0 = -3*c + c + 36. Calculate the highest common divisor of c and 6.
6
Let w be (-20)/6*3/2. Let u be (1 - (3 + -1)) + -2. Let o = u - w. Calculate the greatest common divisor of o 